(-4).
-1
Let o(w) = -w**2 + 5*w + 9. Let g be o(6). Suppose 4*m = 4*s + 24, g*s = 10*m - 15*m + 38. Let a(c) = -c**3 + 6*c**2 + 9*c - 13. Calculate a(m).
1
Let v(h) be the first derivative of -h**3/3 - 5*h**2/2 - 2*h + 3. Let f(d) = d**3 - 6*d**2 - 11*d - 45. Let x be f(8). Give v(x).
-2
Let v = 272 - 260. Let k(p) = -p**3 + 11*p**2 + 9*p + 3. What is k(v)?
-33
Let a be 1/(-3)*(31 + -58). Suppose -3*i + 3*o - a = 0, 2*i + 3*o - 9 = i. Let r(d) = -d**2 + 3. Give r(i).
3
Suppose 5*y - 180 = r, 9 - 134 = -4*y - 3*r. Let f(c) = y*c - 9*c - 18*c. What is f(2)?
16
Suppose -25*l - 65*l + 10*l = 1920. Let d(u) = -u**2 - 25*u + 83. Determine d(l).
107
Let p = 30 + -29. Let w = 0 - p. Let n be -3 + (w/(-2) + -2)*2. Let z(b) = -b**3 - 6*b**2 - 3*b - 3. Determine z(n).
15
Suppose 3*x - 22 = 5*i, 4*i + 26 = 5*x + 11. Let w(j) = -j**2 - 15*j - 15. Calculate w(x).
-1
Let z(j) = 12*j**2 + 17*j + 7. Let q be z(-7). Let b = q - 479. Let s(d) = 3*d**2 - 4*d - 3. Give s(b).
36
Let s(z) = 5*z + 1. Let h be s(0). Let n = 18 - 12. Let g(f) = h + 3*f + 8*f - 2*f - n*f. Give g(-2).
-5
Let d(i) = 2*i**2 + 5*i + 4. Suppose -69 = 16*p + 7*p. What is d(p)?
7
Let b(l) = 19 + 83 - 1910*l + 3812*l - 1905*l. Give b(34).
0
Let h(f) be the first derivative of f**4/4 + f**3 + 2*f - 16051. Let o be -1*3*(-1 + 2). Calculate h(o).
2
Let d(a) = -7*a**3 + 6*a**2 + 5*a + 15. Let o(b) = -5*b**3 + 7*b**2 + 5*b + 15. Let x = 270 + -274. Let v(c) = x*o(c) + 3*d(c). What is v(-10)?
35
Let j(i) = -i**2 + 15*i - 7. Suppose 17*d + 345 = 40*d. Determine j(d).
-7
Let b(d) be the second derivative of -d**4/6 + d**3/2 - 3*d**2/2 + 271*d. Calculate b(-4).
-47
Suppose -2*b - 37673 = -37691. Let y(a) = 17*a + 6. Determine y(b).
159
Let d(f) = 2*f**2 - 26*f + 119. Let h be d(9). Suppose s = -2*u + 1, -49*s = -h*s + 5*u + 1. Let t(q) = q**2 - 6*q - 9. What is t(s)?
-2
Let b(s) = -s**3 - 5*s**2 - s - 3. Let l = -408 - -408. Suppose 4*k + 8*p + 32 = 12*p, l = -4*k + 3*p - 29. Calculate b(k).
2
Let p(z) be the second derivative of z**3/6 + 3*z**2/2 - 11979*z. Suppose -21 = 2*t - 3. What is p(t)?
-6
Suppose -71 = -4*z + 4*p - 55, 4*p - 39 = -z. Let q(c) = c**2 - 10*c - 5. Calculate q(z).
6
Let c = 14185 + -14193. Let h(l) = -l**3 - 2*l**2 + 48*l + 9. Calculate h(c).
9
Let m be 30/(-9)*3 + 0 + 1. Let f(w) be the first derivative of w**3/3 + 3*w**2 - 16*w - 144. Determine f(m).
11
Suppose -4*b - 5*a = -16, a - 12 = -3*b - a. Suppose 22*j + b = -172. Let c(z) = 5*z + 2. What is c(j)?
-38
Let a(h) = -h**2 + 8*h + 30. Let d = -2565 - -2578. Determine a(d).
-35
Let w(v) = 6*v. Let h(b) = b**2 - 4*b**2 + 2*b**2 + 8 - b. Let m(r) = -r**2 + 36*r - 102. Let l be m(33). Let u be h(l). Give w(u).
12
Let p(v) be the third derivative of -7*v**4/24 - 13*v**3/6 + 929*v**2. Calculate p(13).
-104
Let b(k) be the third derivative of -k**7/840 + 7*k**6/360 - k**5/24 + k**4/3 - 70*k**3/3 - 5*k**2 - 17*k. Let i(u) be the first derivative of b(u). Give i(7).
-27
Suppose 158 = -69*n + 779. Let l(j) = -j**2 + 18*j - 72. Determine l(n).
9
Let o(b) = 7*b - 5. Let m(h) = 13*h - 9. Let g(x) = 6*m(x) - 11*o(x). Let i(v) = -v**2 + 171*v - 669. Let a be i(4). What is g(a)?
0
Let b(a) = 106*a**2 + 1485*a + 86. Let r be b(-14). Let t(w) = -3*w**2 + 221*w - 361. Give t(r).
-1
Let s be 0*14*14/392. Let d(p) = -2*p + 15. Calculate d(s).
15
Let k(r) = 3*r**3 - 10*r**2 + 5*r - 7. Let m be 15 + (22 + 194)/(-18). What is k(m)?
-1
Let o(h) = -h**2 - 8*h. Let g(p) = -p. Let t(z) = 8*z + 19. Let r(i) = -6*g(i) - t(i). Let n be r(-6). Calculate o(n).
7
Let b(p) = 34*p**2 + 38*p - 312. Let s(m) = -9*m**2 - 9*m + 77. Let f(j) = -4*b(j) - 15*s(j). Determine f(-22).
-17
Let s(t) = t + 9. Let c = 110 - 107. Suppose 0 = l + 5, -7*g + 12 = -4*g + c*l. Give s(g).
18
Let m be 9*35/(-21) - (-5)/((-25)/(-10)). Let g(i) = -i - 14. Give g(m).
-1
Let f(p) = 2*p**2 + 16*p + 30. Let o be -16 + 1 + 63 + -50. Give f(o).
6
Let c(w) = w**3 + 7*w**2 - 5*w - 9. Let k be c(-6). Let x be k/(-9) - (-1)/3. Let g(q) = 0*q**3 - 5*q**2 - 17*q**3 + 4*q + 16*q**3 - 7. Calculate g(x).
5
Let g(o) be the first derivative of o**3/3 - 5*o**2 + 24*o + 1236. Give g(8).
8
Let u(o) = 97*o + 4947. Let l be u(-51). Suppose 19 = 5*s - g, -5*s + 2*g = -0*s - 18. Let p(z) = z + s + 1 + 0. Calculate p(l).
5
Let x(w) = w**2 + 7*w - 53. Let z be x(7). Suppose -z = 24*l - 45. Let v(d) = -d**2 + 2*d**2 + 9 + 4. Determine v(l).
13
Suppose 8*x = -5*x + 39. Let j(m) = 65*m**3 - 8*m**2 - 3*m**2 - 64*m**x - 5 + 0. What is j(11)?
-5
Let r(z) = z - 13. Suppose -c - 49 = 5*o, -c - 4 = -o + 9. Give r(c).
-32
Let g(w) = 10*w + 3. Let v(o) = 30*o + 10. Let j(b) = -7*g(b) + 2*v(b). Let s be (-3 + 0)/((-9)/198*6). Suppose -3 + s = -8*a. What is j(a)?
9
Let i(p) = -3*p + 5. Let r = 126 - 117. Let b be 16/r + ((-42)/27)/(-7). Calculate i(b).
-1
Let l(b) = -8*b + 79. Let s be 2/(-6) + 112/12. Let y be l(s). Let g(n) = -n**2 + 7*n - 4. Give g(y).
-4
Let g(d) be the third derivative of 7*d**4/24 - 6*d**3 - 2*d**2 + 810*d. Determine g(6).
6
Let r(a) = -9*a - 165. Let w be r(-21). Suppose w*p - 5*p + 171 = 0. Let z(k) = k + 15. Calculate z(p).
6
Suppose o - 2 = -7. Let g(x) be the third derivative of x**4/24 + x**3/2 + 1152*x**2. What is g(o)?
-2
Let g(t) = -2*t + 10. Let w be g(9). Let o(y) = y**2 - 33 + 9*y + 34 + 3 + 1. Calculate o(w).
-3
Let k(c) = c**3 + 11*c**2 - c - 6. Suppose 2*z - 101 - 33 = 0. Suppose 0 = -5*i - 10, -26 + z = -3*n - 4*i. Determine k(n).
5
Let n(a) = 40*a - 29. Let o(h) = -27*h + 19. Let p(s) = 11*n(s) + 16*o(s). Calculate p(3).
9
Let s(b) = 2*b**2 - 5*b - 6. Suppose 1685 + 295 = 12*a. Let c = -160 + a. Give s(c).
19
Suppose 330*b - 335*b + 35 = 0. Suppose -d - h = 6, b = -4*d - 3*h - 12. Let n(a) = -a - 1. Calculate n(d).
0
Let x = -5 + -2. Let k(z) = z**2 + 8*z + 3. Let n be k(x). Let l(m) = 0*m**2 + 3*m**2 - 4*m**2 - 5 - 9*m - 239 + 243. Calculate l(n).
19
Let q(n) be the second derivative of -n**4/12 + 7*n**3/6 + n**2/2 + 2*n. Let x be q(6). Let y(s) = 0 + 288512*s**2 - 288513*s**2 + 1 + 3 + 9*s. Determine y(x).
18
Let t(m) be the first derivative of -m**4/4 + 7*m**3/3 - 3*m**2 + 3*m - 41. Let l be t(6). Suppose -l*r + 49 - 28 = 0. Let k(p) = -p + 6. What is k(r)?
-1
Let y(b) be the third derivative of -2*b**4/3 + b**3/3 + 2190*b**2. What is y(2)?
-30
Suppose -13*k = -2*k - 44. Let l(b) = 9*b - 26. Let v be l(k). Let o(s) = -23*s - v + 19*s + 5*s. Calculate o(0).
-10
Let s(j) = -41 - j + 75 - 36 + 2*j. Suppose -5*x + 54 = -2*h, -6 - 2 = 4*h. Let p be 5/x*(-1 + 21). Calculate s(p).
8
Let z(r) = 2*r**2 + 9*r + 15. Let m = -105 - -101. Let v be z(m). Let x(u) = -2*u**2 + 26 + u**2 + v*u - 11*u. What is x(0)?
26
Suppose 0 = -4*y + 2*j + 18, -5*y - 8*j - 5 = -5*j. Let d(c) = -61228 + 61228 - 23*c**y. What is d(-1)?
-23
Let k(g) be the third derivative of -5*g**4/24 - 20*g**3/3 - 15*g**2 - 64. Give k(-8).
0
Let g = -7889 + 7909. Let a(t) = -5*t + 96. Give a(g).
-4
Let t(g) = -8*g**2 - 6340*g + 3173. Let v be t(-793). Suppose 0*z = z - 5. Let f(a) = -z + 4 - 2*a - 3*a. Give f(v).
-6
Suppose 0 = 5*w + 6*c - 2*c + 3, 4*c + 12 = 4*w. Let p be (0/9*w/1)/(-2). Suppose -t + 4 = p, o + 0*t + 4*t = 11. Let k(y) = y + 5. Give k(o).
0
Let p be (4070/(-7548) - (-6)/153) + 19/2. Let s(i) = -74*i + 6 + 36*i + 36*i. Give s(p).
-12
Let x(k) be the third derivative of k**5/30 - 5*k**4/8 - 31*k**3/6 - 343*k**2. Give x(10).
19
Let n be (-204 + 198)*5/(-3)*7/5. Let y(v) = -v**2 + 12*v - 4. What is y(n)?
-32
Let c(k) = -1 - 4*k - 9*k + 7*k + 12*k - 8*k. Let h(m) = 2*m + 1. Let b be (-5 + 1 + 1)/1. Let o(u) = b*c(u) - 4*h(u). Determine o(4).
-9
Let d be (11/3)/((96/(-36))/(-8)). Let o(g) = g**3 - 10*g**2 - 13*g - 2. Calculate o(d).
-24
Let m(j) be the third derivative of -j**6/120 - 2*j**5/15 - j**4/24 + 6*j**3 - 2*j**2 + 99*j - 5. Determine m(-7).
-6
Let h(j) be the third derivative of -j**5/60 + 11*j**4/12 - 5*j**3/2 + 7137*j**2. Give h(18).
57
Suppose -4*z - 8 + 5 = -15. Let l(k) = k**3 - k**2 - k + 5. Determine l(z).
20
Let n(o) = o**3 + 5*o**2 - 7*o - 6. Let d = -147 - -171. Suppose -5*a = -c + 33, 6*a - 3*a + d = 2*c. What is n(a)?
0
Let i(u) = -65516 + 43*u**2 - u**3 + 34*u - 14*u**2 + 65446. Calculate i(30).
50
Let u be 35/(-112)*-8*528/(-30). Let s(o) = -o**3 - 45*o**2 - 41*o + 129. Give s(u).
-3
Let p